ainder when b(u) is divided by 9.
6
Let n be 1/3 - 118/(-6). Suppose 3 - n = -r. Suppose -z + 20 = 3*t - 2*z, 2*z = -t + 2. What is the remainder when r is divided by t?
5
What is the remainder when 14 is divided by ((-4)/(-2) - -6)/(0 + 1)?
6
Calculate the remainder when 52 is divided by (-140)/25*10/(-4).
10
Suppose 0 = 2*d - 288 + 68. Suppose 4*z - 8 = 0, 5*a = -4*z - z + d. What is the remainder when a is divided by 6?
2
Let s(r) = r**2 + 2*r - 6. Let q be s(-4). Suppose 0 = q*c - 13 - 5. Calculate the remainder when 34 is divided by c.
7
Let a = -2 + 5. Suppose 24 = 4*j + 3*o, -4*j + 7 = -2*o + a. Suppose -11 - 4 = -j*w. Calculate the remainder when 8 is divided by w.
3
Suppose -5*s + 14 = 2*o - 3*s, 3*o + 2*s = 20. What is the remainder when 62 is divided by o?
2
Let c(f) = f**2 + 2*f - 3. Let l = 478 + -464. Calculate the remainder when l is divided by c(-4).
4
Let f = 61 + -39. Let d(x) = -3*x - 1. Let j be d(-1). Suppose -15 = -j*n + 1. Calculate the remainder when f is divided by n.
6
Let t = 144 - 88. Suppose 2*k - k + 1 = 0, 0 = d - k + 19. Calculate the remainder when t is divided by 93/5 - 8/d.
18
Let m be -1 - (3 + -4 - 2). Suppose m*i + 7 = 95. What is the remainder when i is divided by 15?
14
Suppose -31 - 69 = -5*s. Let d(q) = q + 6. Let o be d(-4). Suppose -5*b + 21 = -o*b. Calculate the remainder when s is divided by b.
6
Let s(b) = 29*b - 6. Calculate the remainder when s(2) is divided by 14.
10
What is the remainder when 39 is divided by ((-1)/((-6)/(-40)))/((-13)/39)?
19
Let o(u) = u**3 + 4*u**2 - 8*u - 3. What is the remainder when 43 is divided by o(-5)?
7
Let g(k) = -3*k**3 - 2*k**2 - k + 2. Suppose r + 496 = 6*r + 2*b, -4*r + 395 = b. What is the remainder when r is divided by g(-2)?
18
Suppose -3*u + 503 = 134. Calculate the remainder when u is divided by 32.
27
Suppose -2*s + s + 153 = z, 4*s = z - 138. Suppose i = 5*h - z, -5*i = 3*h - 68 - 22. Calculate the remainder when h is divided by 8.
6
Let x(n) = -n**3 - 9*n**2 - 14*n - 22. Calculate the remainder when 49 is divided by x(-8).
23
Let x = 9 + -7. Suppose -4*b + 35 + 1 = 4*h, -x*b = -3*h + 47. Suppose 191 = 5*s + 71. What is the remainder when s is divided by h?
11
Calculate the remainder when (-84)/(-39) - (-2)/(-13) is divided by 1.
0
Let w = 4 - 1. Suppose 7*y - 52 = w*y. What is the remainder when 24 is divided by y?
11
Suppose 8*b - 4*b + 21 = 3*z, 3*b = -3*z + 21. Suppose -2*f + 36 = 3*k, -3*f = -4*k + k - 24. Calculate the remainder when f is divided by z.
5
Let n = 31 + -10. What is the remainder when 60 is divided by n?
18
Let h(u) = -u**2 + 4*u - 3. Let a be h(4). Suppose -5*l + 95 = -105. What is the remainder when l is divided by a*(-5)/15*14?
12
Let l(w) = w**2 + 8*w + 4 - 4*w - 4*w. Calculate the remainder when l(4) is divided by 11.
9
Let c = 97 + -56. Calculate the remainder when c is divided by 21.
20
Suppose -3*x = x + 12. Let g(v) = v**3 - 3*v**2 + 2*v - 1. Let k be g(3). Let t = x + k. Calculate the remainder when 3 is divided by t.
1
Suppose 2*l = -3*f - 3*l + 12, 3*f - 12 = l. Calculate the remainder when 27 is divided by f.
3
Suppose -8 = 2*b + 5*o + 9, 2*b + o = 3. Let q = 111 + -30. Suppose 20 = -3*u + b*g + 57, q = 5*u + 3*g. What is the remainder when 44 is divided by u?
14
Let m(y) = -3*y - 4. Calculate the remainder when m(-6) is divided by 2 + (-10)/(-5 + 0).
2
Let k(q) = -q**3 - 33*q**2 + 32*q - 45. Calculate the remainder when k(-34) is divided by 8.
7
Suppose 2*a + 2*a - 62 = 2*c, 0 = -3*a - 4*c + 30. Suppose -21 + 16 = -f - x, -f - 7 = -5*x. Calculate the remainder when a is divided by f.
2
Let l be 5 - (4 + (-5 - -2)). Suppose 2*r - 2*v + v = 23, 0 = l*r - 5*v - 61. Calculate the remainder when 33 is divided by r.
6
Suppose -g + z = -7, 5*z - 45 = 2*g - 5*g. Calculate the remainder when 17 is divided by g.
7
Let y be (5/(-2))/((-1)/2). Let o = y + -3. Suppose 0 = -4*f, f - o*f - 35 = -5*p. What is the remainder when 13 is divided by p?
6
Suppose 3*y + 15 = 0, -4*d + 30 = y - 13. Calculate the remainder when 22 is divided by d.
10
Suppose 3*v - 9 = -2*f, -3*v + 7*v - 3*f = 12. Calculate the remainder when 25 is divided by v.
1
Suppose 2*v + 3*v - 20 = 0. Suppose -3*m + 0 = -4*a + 13, v*a - m = 7. Suppose 5*g = 5, 0 = -t - 3*t + g + 3. What is the remainder when t is divided by a?
0
Let j(v) = -4*v - 1. Suppose 15 = -5*s - 5. Calculate the remainder when j(s) is divided by 4.
3
Suppose 2 = -x + 43. What is the remainder when x is divided by 6?
5
Let z(f) = f**3 - 15*f**2 + f + 9. Calculate the remainder when z(15) is divided by 13.
11
Suppose -y + 2*c - 69 = -4*y, 3*y - c - 69 = 0. Calculate the remainder when y is divided by 13.
10
Let k(f) = 2*f**2 - 11*f + 11. Suppose 24 = -2*s - 5*a, -3*s - a + 2 = -6*s. Calculate the remainder when 17 - (1 - (s + 2)) is divided by k(5).
4
Suppose -6*r = -r - 4*j + 10, 5*r - 15 = -j. Suppose r*w = -2*y + 22, -y + w + 36 = -3*w. What is the remainder when 29 is divided by y?
13
Let n = -52 - -81. Calculate the remainder when 114 is divided by n.
27
Let j(y) = y**2 + 2*y + 13. Calculate the remainder when 76 is divided by j(-4).
13
Let y(u) = 5*u**2. Calculate the remainder when 78 is divided by y(2).
18
Let m(g) be the third derivative of -g**4/12 - 13*g**3/6 + g**2. What is the remainder when 2 is divided by m(-7)?
0
Suppose 0 = -5*d + 100 - 15. Calculate the remainder when 48 is divided by d.
14
Let r(n) = -74*n**3 - n. Calculate the remainder when r(-1) is divided by 19.
18
Suppose 7*w = 3*w + 4*y + 40, 2*w - 11 = -y. What is the remainder when 19 is divided by w?
5
Let y(l) = l**3 + 4*l**2 - 5*l + 4. Let q be y(-5). Suppose 4*w - 18 = 18. Suppose w*v - 190 = q*v. What is the remainder when v is divided by 13?
12
Suppose -5*m = -6 - 34. Let h = m - -8. Calculate the remainder when h is divided by 235/25 + 2/(-5).
7
Suppose u + 38 = 4*i + 3*u, 3*i = 3*u + 6. Calculate the remainder when 33 is divided by i.
5
Suppose 75 = 5*t - 0. Suppose -j + t = -4*j. Let u(f) = -f**3 - 6*f**2 - 7*f - 5. Calculate the remainder when 14 is divided by u(j).
4
Suppose 0 = 3*g - 0*g - 30. What is the remainder when 6/15 + (-186)/(-10) is divided by g?
9
Suppose -5*o + 79 = 2*l - 8, -3*l = 2*o - 136. What is the remainder when l is divided by 24?
22
Suppose -c - 724 = c. Let l(o) = -2*o + 4. Calculate the remainder when (-2)/(-7) + c/(-7) is divided by l(-7).
16
Suppose -63 = -f + 4*f. Let j = f + 47. What is the remainder when j is divided by 14?
12
Suppose 10 = 5*o + 2*i, 0*o - 5*i + 10 = 5*o. Let j(m) = -6*m - 3. Let b be j(-2). Calculate the remainder when 21 is divided by 4*(b/12 + o).
10
Let r(c) = c**2 - 2*c - 26. What is the remainder when r(14) is divided by 36?
34
Let p be (-39)/(-13) - -1*47. Suppose -4*f + p = -3*f. Calculate the remainder when f is divided by 26.
24
Let q = 2 - -25. Let a(j) = -j**2 + 7*j + 8. Calculate the remainder when q is divided by a(6).
13
Suppose -3*g + 46 = 5*i, -5*i + 8 = -2. What is the remainder when 104 is divided by g?
8
Let s = -10 + 18. Suppose -4*f + 41 = -19. Calculate the remainder when f is divided by s.
7
What is the remainder when 1/1 + -1 + 22 is divided by 12?
10
Suppose 3*j = -19 + 85. Calculate the remainder when ((-12)/10)/(j/(-495)) is divided by 15.
12
Suppose 8 = 4*c, -2*i = -c - c - 2. Let w = 32 - 18. Let k = w + -9. What is the remainder when k is divided by i?
2
Suppose 4*u = -21 - 123. Suppose 69 = -q - 4*f, q + 0*q + 42 = 5*f. Let h = u - q. What is the remainder when h is divided by 8?
5
Let t be (-2)/(-5) - 13/(-5). Suppose t*w - 61 = 32. Calculate the remainder when w is divided by 11.
9
Suppose -254 - 28 = -6*m. What is the remainder when m is divided by 16?
15
Let o = -3 - -7. Suppose 0 = 5*m - b - 30, -2*b = o*m - 5*b - 24. What is the remainder when m/4*4/3 is divided by 1?
0
What is the remainder when 243/4 + 4/16 is divided by 16?
13
Suppose -k + 2*p + 18 = 0, 4*p - 3*p - 57 = -5*k. Calculate the remainder when k is divided by 7.
5
What is the remainder when (3/(-2))/((-18)/1464) is divided by 25?
22
Let z(j) = j + 1. Let k be z(3). Let b = 21 - k. Calculate the remainder when 49 is divided by b.
15
Let g(l) = -7*l - 4. What is the remainder when (8/(-10))/(4/(-190)) is divided by g(-2)?
8
Let u(f) = 5*f**2 + 5*f + 3. What is the 